{"id":1803,"date":"2025-03-04T20:27:49","date_gmt":"2025-03-04T20:27:49","guid":{"rendered":"https:\/\/www.alhalakatekstil.com\/index.php\/urun\/calvin-klein-sheer-beauty-eau-de-toilette\/"},"modified":"2025-03-04T20:52:22","modified_gmt":"2025-03-04T20:52:22","slug":"calvin-klein-sheer-beauty-eau-de-toilette","status":"publish","type":"product","link":"https:\/\/www.alhalakatekstil.com\/index.php\/urun\/calvin-klein-sheer-beauty-eau-de-toilette\/","title":{"rendered":"Calvin Klein Sheer Beauty Eau de Toilette"},"content":{"rendered":"<p>Der Duft von Calvin Klein&#8217;s Sheer Beauty Eau de Toilette entf\u00fchrt Sie in einen langen Marmorkorridor, erf\u00fcllt von floralen und fruchtigen D\u00fcften. Ihre F\u00fc\u00dfe werden auf einen weichen roten Teppich treten, gewoben aus F\u00e4den duftender Bergamotte, Bellini und roter Beeren. Nur wenige Schritte weiter wird Ihr Geruchssinn angenehm von den Noten sanfter Jasmin, Lilie und Pfingstrose ersch\u00fcttert&#8230;.<\/p>\n","protected":false},"excerpt":{"rendered":"<p>Der Duft von Calvin Klein&#8217;s Sheer Beauty Eau de Toilette entf\u00fchrt Sie in einen langen Marmorkorridor, erf\u00fcllt von floralen und fruchtigen D\u00fcften. Ihre F\u00fc\u00dfe werden auf einen weichen roten Teppich treten, gewoben aus F\u00e4den duftender Bergamotte, Bellini und roter Beeren. Nur wenige Schritte weiter wird Ihr Geruchssinn angenehm von den Noten sanfter Jasmin, Lilie und [&hellip;]<\/p>\n","protected":false},"featured_media":1799,"template":"","meta":[],"product_brand":[],"product_cat":[60,62],"product_tag":[],"class_list":{"0":"post-1803","1":"product","2":"type-product","3":"status-publish","4":"has-post-thumbnail","6":"product_cat-genel","7":"product_cat-parfumler","9":"first","10":"instock","11":"shipping-taxable","12":"product-type-external"},"_links":{"self":[{"href":"https:\/\/www.alhalakatekstil.com\/index.php\/wp-json\/wp\/v2\/product\/1803","targetHints":{"allow":["GET"]}}],"collection":[{"href":"https:\/\/www.alhalakatekstil.com\/index.php\/wp-json\/wp\/v2\/product"}],"about":[{"href":"https:\/\/www.alhalakatekstil.com\/index.php\/wp-json\/wp\/v2\/types\/product"}],"wp:featuredmedia":[{"embeddable":true,"href":"https:\/\/www.alhalakatekstil.com\/index.php\/wp-json\/wp\/v2\/media\/1799"}],"wp:attachment":[{"href":"https:\/\/www.alhalakatekstil.com\/index.php\/wp-json\/wp\/v2\/media?parent=1803"}],"wp:term":[{"taxonomy":"product_brand","embeddable":true,"href":"https:\/\/www.alhalakatekstil.com\/index.php\/wp-json\/wp\/v2\/product_brand?post=1803"},{"taxonomy":"product_cat","embeddable":true,"href":"https:\/\/www.alhalakatekstil.com\/index.php\/wp-json\/wp\/v2\/product_cat?post=1803"},{"taxonomy":"product_tag","embeddable":true,"href":"https:\/\/www.alhalakatekstil.com\/index.php\/wp-json\/wp\/v2\/product_tag?post=1803"}],"curies":[{"name":"wp","href":"https:\/\/api.w.org\/{rel}","templated":true}]}}