{"id":1802,"date":"2025-03-04T20:27:49","date_gmt":"2025-03-04T20:27:49","guid":{"rendered":"https:\/\/www.alhalakatekstil.com\/index.php\/urun\/narciso-rodriguez-for-her-musc-nude-eau-de-parfum\/"},"modified":"2025-03-04T20:45:11","modified_gmt":"2025-03-04T20:45:11","slug":"narciso-rodriguez-for-her-musc-nude-eau-de-parfum","status":"publish","type":"product","link":"https:\/\/www.alhalakatekstil.com\/index.php\/urun\/narciso-rodriguez-for-her-musc-nude-eau-de-parfum\/","title":{"rendered":"Narciso Rodriguez for her Musc Nude Eau de Parfum"},"content":{"rendered":"<p>Das For Her Musc Nude Eau de Parfum von Narciso Rodriguez ist speziell f\u00fcr ehrgeizige, entschlossene und selbstbewusste Frauen konzipiert, die genau wissen, was sie vom Leben wollen und wie schnell sie es erreichen sollten. Diese florale Komposition l\u00e4sst keinen Raum f\u00fcr Zur\u00fcckhaltung, M\u00fcdigkeit oder emotionale Spannungen und zieht stets die Aufmerksamkeit derer auf sich, die die Dame umgeben, die&#8230;<\/p>\n","protected":false},"excerpt":{"rendered":"<p>Das For Her Musc Nude Eau de Parfum von Narciso Rodriguez ist speziell f\u00fcr ehrgeizige, entschlossene und selbstbewusste Frauen konzipiert, die genau wissen, was sie vom Leben wollen und wie schnell sie es erreichen sollten. Diese florale Komposition l\u00e4sst keinen Raum f\u00fcr Zur\u00fcckhaltung, M\u00fcdigkeit oder emotionale Spannungen und zieht stets die Aufmerksamkeit derer auf sich, [&hellip;]<\/p>\n","protected":false},"featured_media":1800,"template":"","meta":[],"product_brand":[],"product_cat":[60,62],"product_tag":[],"class_list":{"0":"post-1802","1":"product","2":"type-product","3":"status-publish","4":"has-post-thumbnail","6":"product_cat-genel","7":"product_cat-parfumler","9":"first","10":"instock","11":"shipping-taxable","12":"product-type-external"},"_links":{"self":[{"href":"https:\/\/www.alhalakatekstil.com\/index.php\/wp-json\/wp\/v2\/product\/1802","targetHints":{"allow":["GET"]}}],"collection":[{"href":"https:\/\/www.alhalakatekstil.com\/index.php\/wp-json\/wp\/v2\/product"}],"about":[{"href":"https:\/\/www.alhalakatekstil.com\/index.php\/wp-json\/wp\/v2\/types\/product"}],"wp:featuredmedia":[{"embeddable":true,"href":"https:\/\/www.alhalakatekstil.com\/index.php\/wp-json\/wp\/v2\/media\/1800"}],"wp:attachment":[{"href":"https:\/\/www.alhalakatekstil.com\/index.php\/wp-json\/wp\/v2\/media?parent=1802"}],"wp:term":[{"taxonomy":"product_brand","embeddable":true,"href":"https:\/\/www.alhalakatekstil.com\/index.php\/wp-json\/wp\/v2\/product_brand?post=1802"},{"taxonomy":"product_cat","embeddable":true,"href":"https:\/\/www.alhalakatekstil.com\/index.php\/wp-json\/wp\/v2\/product_cat?post=1802"},{"taxonomy":"product_tag","embeddable":true,"href":"https:\/\/www.alhalakatekstil.com\/index.php\/wp-json\/wp\/v2\/product_tag?post=1802"}],"curies":[{"name":"wp","href":"https:\/\/api.w.org\/{rel}","templated":true}]}}