{"id":1222,"date":"2025-03-04T18:47:35","date_gmt":"2025-03-04T18:47:35","guid":{"rendered":"https:\/\/www.alhalakatekstil.com\/index.php\/urun\/mac-satin-lipstick-langanhaltender-lippenstift\/"},"modified":"2025-03-04T19:07:46","modified_gmt":"2025-03-04T19:07:46","slug":"mac-satin-lipstick-langanhaltender-lippenstift","status":"publish","type":"product","link":"https:\/\/www.alhalakatekstil.com\/index.php\/urun\/mac-satin-lipstick-langanhaltender-lippenstift\/","title":{"rendered":"MAC Satin Lipstick Langanhaltender Lippenstift"},"content":{"rendered":"<p>Kreieren Sie einen raffinierten und anspruchsvollen Look mit dem langanhaltenden Lippenstift der amerikanischen Kosmetikfirma M.A.C. Dieser Satin Lippenstift verleiht Ihnen ein elegantes Lippen-Make-up und pflegt die zarte Haut Ihrer Lippen. Dank seiner cremigen Textur gleitet der Lippenstift m\u00fchelos auf Ihre Haut und sorgt f\u00fcr eine gleichm\u00e4\u00dfige Schicht mit mittlerer bis starker Deckkraft. Der&#8230;<\/p>\n","protected":false},"excerpt":{"rendered":"<p>Kreieren Sie einen raffinierten und anspruchsvollen Look mit dem langanhaltenden Lippenstift der amerikanischen Kosmetikfirma M.A.C. Dieser Satin Lippenstift verleiht Ihnen ein elegantes Lippen-Make-up und pflegt die zarte Haut Ihrer Lippen. Dank seiner cremigen Textur gleitet der Lippenstift m\u00fchelos auf Ihre Haut und sorgt f\u00fcr eine gleichm\u00e4\u00dfige Schicht mit mittlerer bis starker Deckkraft. Der&#8230;<\/p>\n","protected":false},"featured_media":1220,"template":"","meta":[],"product_brand":[],"product_cat":[60,61],"product_tag":[],"class_list":{"0":"post-1222","1":"product","2":"type-product","3":"status-publish","4":"has-post-thumbnail","6":"product_cat-genel","7":"product_cat-makyaj-urunleri","9":"first","10":"instock","11":"shipping-taxable","12":"product-type-external"},"_links":{"self":[{"href":"https:\/\/www.alhalakatekstil.com\/index.php\/wp-json\/wp\/v2\/product\/1222","targetHints":{"allow":["GET"]}}],"collection":[{"href":"https:\/\/www.alhalakatekstil.com\/index.php\/wp-json\/wp\/v2\/product"}],"about":[{"href":"https:\/\/www.alhalakatekstil.com\/index.php\/wp-json\/wp\/v2\/types\/product"}],"wp:featuredmedia":[{"embeddable":true,"href":"https:\/\/www.alhalakatekstil.com\/index.php\/wp-json\/wp\/v2\/media\/1220"}],"wp:attachment":[{"href":"https:\/\/www.alhalakatekstil.com\/index.php\/wp-json\/wp\/v2\/media?parent=1222"}],"wp:term":[{"taxonomy":"product_brand","embeddable":true,"href":"https:\/\/www.alhalakatekstil.com\/index.php\/wp-json\/wp\/v2\/product_brand?post=1222"},{"taxonomy":"product_cat","embeddable":true,"href":"https:\/\/www.alhalakatekstil.com\/index.php\/wp-json\/wp\/v2\/product_cat?post=1222"},{"taxonomy":"product_tag","embeddable":true,"href":"https:\/\/www.alhalakatekstil.com\/index.php\/wp-json\/wp\/v2\/product_tag?post=1222"}],"curies":[{"name":"wp","href":"https:\/\/api.w.org\/{rel}","templated":true}]}}