{"id":1214,"date":"2025-03-04T18:47:32","date_gmt":"2025-03-04T18:47:32","guid":{"rendered":"https:\/\/www.alhalakatekstil.com\/index.php\/urun\/lancome-cils-booster-xl-cils-booster-mascara-base\/"},"modified":"2025-03-04T19:08:21","modified_gmt":"2025-03-04T19:08:21","slug":"lancome-cils-booster-xl-cils-booster-mascara-base","status":"publish","type":"product","link":"https:\/\/www.alhalakatekstil.com\/index.php\/urun\/lancome-cils-booster-xl-cils-booster-mascara-base\/","title":{"rendered":"Lancome Cils Booster XL Cils Booster Mascara Base"},"content":{"rendered":"<p>Lancome Cils Booster XL Cils Booster ist eine wei\u00dfe Mascarabasis, die f\u00fcr empfindliche Augen geeignet und mit XL-Mikrofasern angereichert ist, die Ihre Wimpern sch\u00fctzen und einen maximalen Booster-Effekt erzielen. Verwenden Sie Cils Booster XL unter Ihrer \u00fcblichen Wimperntusche, um deren Farbe und Make-up-Ergebnis zu verst\u00e4rken und so einen sofort intensiveren und faszinierenderen Blick zu&#8230;<\/p>\n","protected":false},"excerpt":{"rendered":"<p>Lancome Cils Booster XL Cils Booster ist eine wei\u00dfe Mascarabasis, die f\u00fcr empfindliche Augen geeignet und mit XL-Mikrofasern angereichert ist, die Ihre Wimpern sch\u00fctzen und einen maximalen Booster-Effekt erzielen. Verwenden Sie Cils Booster XL unter Ihrer \u00fcblichen Wimperntusche, um deren Farbe und Make-up-Ergebnis zu verst\u00e4rken und so einen sofort intensiveren und faszinierenderen Blick zu&#8230;<\/p>\n","protected":false},"featured_media":1212,"template":"","meta":[],"product_brand":[],"product_cat":[60,61],"product_tag":[],"class_list":{"0":"post-1214","1":"product","2":"type-product","3":"status-publish","4":"has-post-thumbnail","6":"product_cat-genel","7":"product_cat-makyaj-urunleri","9":"first","10":"instock","11":"shipping-taxable","12":"product-type-external"},"_links":{"self":[{"href":"https:\/\/www.alhalakatekstil.com\/index.php\/wp-json\/wp\/v2\/product\/1214","targetHints":{"allow":["GET"]}}],"collection":[{"href":"https:\/\/www.alhalakatekstil.com\/index.php\/wp-json\/wp\/v2\/product"}],"about":[{"href":"https:\/\/www.alhalakatekstil.com\/index.php\/wp-json\/wp\/v2\/types\/product"}],"wp:featuredmedia":[{"embeddable":true,"href":"https:\/\/www.alhalakatekstil.com\/index.php\/wp-json\/wp\/v2\/media\/1212"}],"wp:attachment":[{"href":"https:\/\/www.alhalakatekstil.com\/index.php\/wp-json\/wp\/v2\/media?parent=1214"}],"wp:term":[{"taxonomy":"product_brand","embeddable":true,"href":"https:\/\/www.alhalakatekstil.com\/index.php\/wp-json\/wp\/v2\/product_brand?post=1214"},{"taxonomy":"product_cat","embeddable":true,"href":"https:\/\/www.alhalakatekstil.com\/index.php\/wp-json\/wp\/v2\/product_cat?post=1214"},{"taxonomy":"product_tag","embeddable":true,"href":"https:\/\/www.alhalakatekstil.com\/index.php\/wp-json\/wp\/v2\/product_tag?post=1214"}],"curies":[{"name":"wp","href":"https:\/\/api.w.org\/{rel}","templated":true}]}}